Suppose -226*c = -229*c + 5*i + 85156, i = -c + 28396. What is the units digit of c?
2
Suppose -10*y + 53*y = 141642. What is the hundreds digit of y?
2
Let v(r) be the first derivative of r**3/3 - r**2/2 + r - 22. Let u be v(-1). Suppose 7 = 2*h + 1, h + 114 = u*o. What is the units digit of o?
9
Let q(b) = -224*b - 39. Suppose 5 = 6*j + 41. What is the tens digit of q(j)?
0
Suppose -54*v + 10 = -49*v. Suppose -3*g + 0*g = 2*b - 103, v*g = -3*b + 167. What is the tens digit of b?
5
Let d(p) = 3*p**2 - 7*p + 18. Let q be d(24). Let w = q - 414. What is the units digit of w?
4
Let q(i) = i**2 - 151. Let t be q(-12). What is the units digit of 6*8/336 - 1070/t?
3
Let s = -17474 + 69459. What is the thousands digit of s?
1
Suppose 6*z - 10*z = -2*j + 18, 5*z = 3*j - 26. Suppose 2 = -j*q + 23. Suppose q*c + 26 = 530. What is the hundreds digit of c?
1
Let o be (-4)/6 - (-3)/(9/(-10)). Let w be o/(-6) - (-22)/(-6). Let i(p) = 10*p**2 - 3*p + 2. What is the hundreds digit of i(w)?
1
Let y(v) = -v**3 - 7*v**2 - 9*v + 9. Let b be y(-7). Suppose -5*m + 4*d + b = 0, d - 31 = -2*m + 3. Let c = m + 70. What is the units digit of c?
6
Suppose 9*u = 4103 + 6184. Let s = -669 + u. What is the units digit of s?
4
Let n(q) = 4*q**2 + 129*q - 4018. What is the units digit of n(94)?
2
Let b(r) = -5*r - 35. Let i be b(-7). Suppose -m + 304 = 4*z, i = 5*m - z - 4*z - 1520. What is the units digit of m?
4
Let z(g) = 2*g**2 - 8*g + 3. Let v(l) = l**2 - l - 8. Let p be v(5). Suppose -24 + p = -3*a. What is the units digit of z(a)?
3
Suppose 11*w - 1529 = 5478. Let u = -160 + w. What is the hundreds digit of u?
4
Suppose 3*q + 7*i - 54672 = 11*i, 0 = -q - 2*i + 18234. What is the tens digit of q?
2
Suppose 4*w - 25036 + 1384 = 0. What is the hundreds digit of w?
9
Let n be 44/(-3)*(-9)/2. Let t = -420 - -426. What is the hundreds digit of 22*(0 + 1)/(t/n)?
2
Suppose -5*i - 16 = -2*r - 6, 2*i = 5*r - 25. Suppose -q - 13*q + 28798 = i. Suppose 4*y - q = -7*y. What is the units digit of y?
7
Suppose -11186*s = -11178*s - 12704. What is the tens digit of s?
8
Suppose -16 + 1 = -3*k. Suppose 490 = p + x - 0*x, -k*p - 2*x = -2453. What is the hundreds digit of p?
4
Let u = 32 - 8. Suppose 0 = 23*k - u*k - 6. What is the tens digit of (k*9/24)/((-27)/792)?
6
Let c be (-2 - -2) + 2312/(-8) + 5. Let y = -248 - c. What is the units digit of y?
6
What is the tens digit of (-210898)/(-30) - 7/(-105)?
3
Suppose 177 = 3*z - 0*z. Let i = -55 + z. Suppose -j = -i - 61. What is the tens digit of j?
6
Let l(v) = -130*v + 2554. What is the tens digit of l(-22)?
1
Suppose 5067 = x - 4*y, 5934 = 2*x - 4*y - 4224. What is the hundreds digit of x?
0
Suppose 42 = 2*o - 230. Suppose 3*l + o = -5*l. Let b = -7 - l. What is the tens digit of b?
1
What is the thousands digit of (-326944)/(-36) + (58/18 - 3)?
9
Suppose 0 = 6*s - 2*s - 192. Suppose -s*i + 57*i - 1143 = 0. What is the tens digit of i?
2
Let y = 59 - 65. Let n be 2*(-45)/y*(-9)/(-15). Suppose 0 = n*g - 161 - 19. What is the units digit of g?
0
Let z be -2 + (-4)/(-6) + 182/42. Suppose -u - z*w - 4 = -10, -11 = -u + 2*w. Suppose -2*c + 1727 = u*c. What is the hundreds digit of c?
1
Let c(o) = -1. Let y(g) = -g - 14. Let q(h) = 3*c(h) - y(h). Let r be q(-5). Suppose r*b - 578 = -122. What is the units digit of b?
6
Suppose 0 = 267*u - 264*u - 6423. Let w = u + -1074. What is the units digit of w?
7
Suppose 2*c - 113 + 43 = 0. Suppose 32*s + 1503 = c*s. Suppose 16*h - 507 = s. What is the units digit of h?
3
Let l = -1974 - -2821. Suppose 20*t = 21*t - l. What is the units digit of t?
7
Let z(x) = 3*x**3 + 21*x**2 - 7*x - 4*x**3 - 14*x**2 + 8. Let i be z(5). Suppose -5*l = -153 + i. What is the tens digit of l?
2
Suppose 519 + 683 = h. What is the units digit of h*5/40*4?
1
Let i(f) = -2*f**2 - 28*f + 35. Let r be i(-15). Suppose -r*w = 4*q - 1472, -5*w - 8*q + 1469 = -5*q. What is the tens digit of w?
9
What is the hundreds digit of ((-18)/(360/(-106325)))/((-4)/(-32))?
5
Suppose -9 = -3*v + 3. Suppose 19 = -v*z - 17. What is the tens digit of (-836)/(-6) - (15/z + 2)?
3
Suppose v + 8*t - 24363 = 0, -32*v - 3*t = -31*v - 24383. What is the units digit of v?
5
Let v be ((-195)/(-10))/((-7)/6 + 1). Let p = 149 + v. What is the units digit of p?
2
Suppose k - b = 2 - 20, 3*k - 2*b + 58 = 0. Let u be 1 + 11*-21*9/27. Let c = k - u. What is the units digit of c?
4
What is the units digit of (-61334)/(-10) - (3 + (-270)/75)?
4
Let t be 72/468 - 24/(-13). Suppose 4*w - t*l + 3*l = 2965, -5*l - 3700 = -5*w. What is the hundreds digit of w?
7
Let i(h) = -9*h - 10. Let r(p) = -9*p - 10. Let l(x) = -3*i(x) + 4*r(x). Let m be l(-4). Let j = 19 + m. What is the units digit of j?
5
Let b = -175 + 512. Suppose -b = -t + 198. What is the hundreds digit of t?
5
What is the tens digit of (-77 - 1)*(-16113)/786?
9
Let c = -24 - -1916. Suppose 1122 = 2*z - c. What is the hundreds digit of z?
5
Suppose -2*q + 10*m - 6*m + 25648 = 0, m = -2. Suppose o = 21*o - q. What is the hundreds digit of o?
6
Let s = 113 - 108. Suppose -4*b - 586 = -2*a, -a + 289 = b - s*b. What is the hundreds digit of a?
2
Suppose 26 = k - 4*d, -5*k + 262 = -d + 94. Suppose k*a - 20876 = -0*a. What is the units digit of a?
4
Let r(d) = 9*d - 139. Let v = -841 - -862. What is the tens digit of r(v)?
5
Let a = 831 - 587. Suppose 2*n - a = 4*n. Let g = 172 + n. What is the tens digit of g?
5
What is the tens digit of 1/5 + -178426*(-7 - 67/(-10))?
2
Let k(o) = -o**2 - 9*o - 3. Let g be k(-9). Let x be (0/(-2 - g))/(-1). Suppose -4*t + 184 - 44 = x. What is the tens digit of t?
3
Suppose 14*u = 24*u - 27620. Suppose -n - 297 = -4*p - 1010, 0 = -4*n - 2*p + u. What is the hundreds digit of n?
6
Let j(w) = 22*w**3 - 4*w**2 + 13*w - 3. Let y be -4*(0 - (1 - 4) - 4). What is the thousands digit of j(y)?
1
Suppose -11*g - 7*g + 126192 = -10*g. What is the ten thousands digit of g?
1
Let u = -19546 + 61240. What is the units digit of u?
4
Suppose -7*t + 1 = -8*t + 3*i, -5*t = -i - 23. Let l(g) = g. Let o(q) = -14*q + 48. Let b(j) = -4*l(j) - o(j). What is the units digit of b(t)?
2
Suppose -5*l + 6664 + 4021 = 5*s, 0 = -4*l - 5*s + 8546. Let w = 3855 - l. What is the tens digit of w?
1
Let l = -1606 + 830. Let c = l + 1796. What is the hundreds digit of c?
0
Suppose 0 = -51*w + 267*w - 4000536. What is the ten thousands digit of w?
1
What is the ten thousands digit of (-4)/(-10) + 13944/(-1660) + (37083 - 1)?
3
Suppose 3*b + 5 = 8*b, -2*v - 4*b = -1014. Suppose -6*t + 11*t = -v. Let a = 113 + t. What is the tens digit of a?
1
Suppose -4*c - 5*x + 150 = -126, 254 = 3*c - 8*x. Suppose -a = w - 436, -c*w = -69*w - 5*a - 2130. What is the units digit of w?
1
Let n be (-32)/6*(-792)/(-96). What is the units digit of ((-22)/n)/(2/2308)?
7
Suppose 10*u - 4420 = -7*u. Let l = -5 + 9. Suppose 4*n + k + k = u, 0 = -l*n + k + 266. What is the units digit of n?
6
Suppose -332 = 2*l + 3*l - 4*c, -5*c + 15 = 0. Let u = l - -69. Suppose -u*x - 171 + 676 = 0. What is the units digit of x?
1
Suppose 250*g - 255*g + 82886 = n, g + n = 16582. What is the thousands digit of g?
6
Suppose -3*m = o - 6*m - 23, 2*m - 8 = -o. Let y(a) = 77*a - 154. What is the units digit of y(o)?
4
Let q be 1*(-3547)/(-2) - (-33)/22. Suppose -q = -5*c + 655. Suppose -6*l + l + 2*v = -c, 2*l - 4*v - 204 = 0. What is the tens digit of l?
9
Suppose 3*q = -4*y + 29, -4*q = y - 2*y - 7. Suppose -q*p = -3882 + 1434. What is the hundreds digit of p?
8
Let z(x) = -x + 91. Let d = -41 + 41. Let b be z(d). Suppose 3*v - 68 - b = 0. What is the tens digit of v?
5
Let p = -6557 + 12675. What is the units digit of p?
8
Let a(c) = c**2 - 37 + 41 + 358*c**3 + 0*c - 5*c. Let x be a(1). Let p = -244 + x. What is the units digit of p?
4
Let s(w) = -w**3 - 10*w**2 - 13*w - 28. Let v be s(-9). Suppose -v + 0 = 2*n. What is the units digit of (-2 - n - 72)/(1 - 3)?
5
Let c = 6874 - -3724. What is the hundreds digit of c?
5
Let i be 11 + 3/(-3) + -5. Suppose m - 363 = i*w, m + 5*w - 413 = -0*m. What is the units digit of m?
8
What is the thousands digit of (1 + 343 - (86 - 87))*(-474)/(-15)?
0
Let s(f) = -f**2 - 22*f + 32. Let a be s(-23). Suppose a*l - 11*l + 126 = 0. What is the tens digit of l?
6
Let g(f) = 13*f - 7. Let x(j) = -285*j + 155. Let 